 of 67782592?
8
What is the units digit of 9628824?
4
What is the tens digit of 1925293505?
0
What is the ten thousands digit of 33346497?
4
What is the hundreds digit of 90243458?
4
What is the thousands digit of 2508320249?
0
What is the billions digit of 6830625152?
6
What is the hundred thousands digit of 67962179?
9
What is the thousands digit of 17474585?
4
What is the tens digit of 72799212?
1
What is the ten thousands digit of 199769665?
6
What is the ten thousands digit of 6204423741?
2
What is the ten millions digit of 154845132?
5
What is the millions digit of 69826820?
9
What is the hundred thousands digit of 387365653?
3
What is the ten millions digit of 361328141?
6
What is the tens digit of 46188372?
7
What is the millions digit of 670328070?
0
What is the millions digit of 19772664?
9
What is the ten millions digit of 130420860?
3
What is the tens digit of 460511968?
6
What is the thousands digit of 140192522?
2
What is the hundred thousands digit of 30261431?
2
What is the ten millions digit of 68275134?
6
What is the hundred thousands digit of 72837734?
8
What is the hundred thousands digit of 144576380?
5
What is the thousands digit of 678955366?
5
What is the tens digit of 133593985?
8
What is the ten thousands digit of 77599208?
9
What is the ten thousands digit of 8632174?
3
What is the tens digit of 427475881?
8
What is the tens digit of 133888888?
8
What is the tens digit of 735142442?
4
What is the units digit of 35902213?
3
What is the hundred millions digit of 226301709?
2
What is the billions digit of 3015675872?
3
What is the units digit of 13986477?
7
What is the millions digit of 60488862?
0
What is the ten millions digit of 4887657947?
8
What is the ten thousands digit of 2557664495?
6
What is the billions digit of 1287791292?
1
What is the units digit of 23028977?
7
What is the units digit of 43872525?
5
What is the millions digit of 169707294?
9
What is the ten thousands digit of 207893411?
9
What is the units digit of 249845282?
2
What is the tens digit of 448634601?
0
What is the thousands digit of 18634665?
4
What is the ten thousands digit of 1681887602?
8
What is the ten thousands digit of 23957647?
5
What is the ten thousands digit of 765427267?
2
What is the hundreds digit of 36762201?
2
What is the ten millions digit of 706719317?
0
What is the ten thousands digit of 151111676?
1
What is the millions digit of 327789983?
7
What is the ten thousands digit of 84875?
8
What is the tens digit of 8580555857?
5
What is the millions digit of 15162262?
5
What is the ten millions digit of 97619901?
9
What is the millions digit of 52727727?
2
What is the units digit of 1471257526?
6
What is the tens digit of 51587844?
4
What is the ten thousands digit of 131578434?
7
What is the ten millions digit of 1789120702?
8
What is the units digit of 20356640?
0
What is the tens digit of 129802453?
5
What is the hundreds digit of 2511340081?
0
What is the hundred thousands digit of 300390481?
3
What is the ten thousands digit of 95376136?
7
What is the millions digit of 41585199?
1
What is the ten millions digit of 66445524?
6
What is the hundred millions digit of 430091950?
4
What is the hundred thousands digit of 2143796291?
7
What is the units digit of 158340147?
7
What is the tens digit of 60744381?
8
What is the units digit of 1937879289?
9
What is the millions digit of 81744924?
1
What is the units digit of 2512550844?
4
What is the thousands digit of 85597947?
7
What is the ten millions digit of 638864027?
3
What is the hundred millions digit of 380689581?
3
What is the hundreds digit of 56137418?
4
What is the ten thousands digit of 1207858721?
5
What is the hundreds digit of 48759919?
9
What is the billions digit of 1487520679?
1
What is the hundred thousands digit of 8147871571?
8
What is the ten millions digit of 943938625?
4
What is the tens digit of 764933323?
2
What is the billions digit of 1729259860?
1
What is the millions digit of 324930540?
4
What is the units digit of 278043579?
9
What is the millions digit of 5805606636?
5
What is the ten millions digit of 722936466?
2
What is the tens digit of 89183511?
1
What is the ten thousands digit of 2474591?
7
What is the millions digit of 548473307?
8
What is the units digit of 1107367226?
6
What is the hundreds digit of 42423065?
0
What is the ten thousands digit of 2684289411?
8
What is the tens digit of 5074994298?
9
What is the ten thousands digit of 222454119?
5
What is the tens digit of 169255436?
3
What is the millions digit of 20600471?
0
What is the hundred thousands digit of 178373617?
3
What is the hundred thousands digit of 420623774?
6
What is the millions digit of 27357038?
7
What is the hundred thousands digit of 27033567?
0
What is the hundreds digit of 135438636?
6
What is the thousands digit of 4550119962?
9
What is the hundred thousands digit of 36238812?
2
What is the thousands digit of 544300165?
0
What is the ten thousands digit of 2436228553?
2
What is the tens digit of 5333932502?
0
What is the ten millions digit of 1886058707?
8
What is the hundred millions digit of 157466326?
1
What is the hundred thousands digit of 3938552306?
5
What is the hundred thousands digit of 29249585?
2
What is the tens digit of 187403979?
7
What is the units digit of 29228549?
9
What is the millions digit of 167653900?
7
What is the units digit of 1776208398?
8
What is the hundred thousands digit of 84320660?
3
What is the units digit of 85935121?
1
What is the millions digit of 720236261?
0
What is the ten thousands digit of 12085316?
8
What is the ten millions digit of 432414831?
3
What is the units digit of 43641757?
7
What is the tens digit of 54409033?
3
What is the units digit of 9267432?
2
What is the hundred thousands digit of 560790847?
7
What is the millions digit of 4991004995?
1
What is the ten thousands digit of 151675408?
7
What is the ten thousands digit of 2484659538?
5
What is the tens digit of 25623847?
4
What is the ten thousands digit of 298089428?
8
What is the tens digit of 377894001?
0
What is the ten thousands digit of 1106011599?
1
What is the millions digit of 2795354951?
5
What is the hundred thousands digit of 76622758?
6
What is the hundred thousands digit of 44522138?
5
What is the hundreds digit of 398483966?
9
What is the millions digit of 139726812?
9
What is the tens digit of 1682017225?
2
What is the ten thousands digit of 65931340?
3
What is the hundred thousands digit of 2640008686?
0
What is the ten thousands digit of 122686967?
8
What is the millions digit of 11188448?
1
What is the units digit of 400780635?
5
What is the hundreds digit of 1565943220?
2
What is the millions digit of 127158058?
7
What is the tens digit of 1099618350?
5
What is the hundred thousands digit of 43631093?
6
What is the tens digit of 53872149?
4
What is the ten millions digit of 104054759?
0
What is the hundred thousands digit of 56532852?
5
What is the units digit of 2202136916?
6
What is the hundred millions digit of 154207887?
1
What is the units digit of 1781117302?
2
What is the hundred thousands digit of 45106248?
1
What is the hundred thousands digit of 691342867?
3
What is the ten thousands digit of 6040221295?
2
What is the tens digit of 15930712?
1
What is the ten millions digit of 770975598?
7
What is the hundred thousands digit of 2448890056?
8
What is the hundred millions digit of 595777393?
5
What is the ten millions digit of 5004876391?
0
What is the tens digit of 89837799?
9
What is the units digit of 5138290732?
2
What is the millions digit of 1040318142?
0
What is the hundred thousands digit of 50779614?
7
What is the tens digit of 2244458860?
6
What is the thousands digit of 112066590?
6
What is the ten thousands digit of 377992592?
9
What is the hundred thousands digit of 50388138?
3
What is the units digit of 32353561?
1
What is the hundred thousands digit of 99737909?
7
What is the tens digit of 211491643?
4
What is the hundreds digit of 1059137746?
7
What is the ten thousands digit of 721832061?
3
What is the millions digit of 31767645?
1
What is the hundred millions digit of 804650253?
8
What is the millions digit of 8408563558?
8
What is the hundred millions digit of 308663579?
3
What is the millions digit of 2190